{"id":9,"date":"2023-04-11T10:43:39","date_gmt":"2023-04-11T10:43:39","guid":{"rendered":"http:\/\/193.194.89.177\/lobem_wp\/?page_id=9"},"modified":"2023-07-17T13:53:08","modified_gmt":"2023-07-17T13:53:08","slug":"equipes-de-recherche","status":"publish","type":"page","link":"https:\/\/lobem.usthb.dz\/index.php\/equipes-de-recherche\/","title":{"rendered":"Equipes de recherche"},"content":{"rendered":"\n<ul>\n<li><a href=\"http:\/\/193.194.89.177\/lobem_wp\/index.php\/halieutique\/\">Halieutique<\/a><\/li>\n\n\n\n<li><a href=\"http:\/\/193.194.89.177\/lobem_wp\/index.php\/ecosystemes-pelagiques\/\">Ecosyst\u00e8mes p\u00e9lagiques<\/a><\/li>\n\n\n\n<li><a href=\"http:\/\/193.194.89.177\/lobem_wp\/index.php\/oceanologie-spatiale-et-teledetection\/\">Oc\u00e9anologie spatiale et t\u00e9l\u00e9d\u00e9tection<\/a><\/li>\n\n\n\n<li><a href=\"http:\/\/193.194.89.177\/lobem_wp\/index.php\/ecosystemes-cotiers-et-benthiques\/\">Ecosyst\u00e8mes c\u00f4tiers et benthiques<\/a><\/li>\n<\/ul>\n","protected":false},"excerpt":{"rendered":"","protected":false},"author":1,"featured_media":0,"parent":0,"menu_order":0,"comment_status":"closed","ping_status":"closed","template":"","meta":[],"_links":{"self":[{"href":"https:\/\/lobem.usthb.dz\/index.php\/wp-json\/wp\/v2\/pages\/9"}],"collection":[{"href":"https:\/\/lobem.usthb.dz\/index.php\/wp-json\/wp\/v2\/pages"}],"about":[{"href":"https:\/\/lobem.usthb.dz\/index.php\/wp-json\/wp\/v2\/types\/page"}],"author":[{"embeddable":true,"href":"https:\/\/lobem.usthb.dz\/index.php\/wp-json\/wp\/v2\/users\/1"}],"replies":[{"embeddable":true,"href":"https:\/\/lobem.usthb.dz\/index.php\/wp-json\/wp\/v2\/comments?post=9"}],"version-history":[{"count":9,"href":"https:\/\/lobem.usthb.dz\/index.php\/wp-json\/wp\/v2\/pages\/9\/revisions"}],"predecessor-version":[{"id":247,"href":"https:\/\/lobem.usthb.dz\/index.php\/wp-json\/wp\/v2\/pages\/9\/revisions\/247"}],"wp:attachment":[{"href":"https:\/\/lobem.usthb.dz\/index.php\/wp-json\/wp\/v2\/media?parent=9"}],"curies":[{"name":"wp","href":"https:\/\/api.w.org\/{rel}","templated":true}]}}