{"id":221,"date":"2023-07-11T13:21:31","date_gmt":"2023-07-11T13:21:31","guid":{"rendered":"http:\/\/193.194.89.177\/lobem_wp\/?page_id=221"},"modified":"2023-07-11T13:21:32","modified_gmt":"2023-07-11T13:21:32","slug":"encadrement-de-doctorat-4","status":"publish","type":"page","link":"https:\/\/lobem.usthb.dz\/index.php\/encadrement-de-doctorat-4\/","title":{"rendered":"Encadrement de Doctorat"},"content":{"rendered":"\n<p><\/p>\n\n\n\n<h1>&nbsp;<\/h1>\n\n\n\n<ol>\n<li>Guedioura A.&nbsp;: Les peuplements des Mollusques C\u00e9phalopodes. Aspects biologiques et \u00e9cologiques d\u2019Eledone moschata. Travaux en cours. Promoteur Rebzani Zahaf<\/li>\n\n\n\n<li>Haoui Meslem N.&nbsp;: Etude bio\u00e9cologique d\u2019un \u00e9levage ostr\u00e9icole Mollusques, Bivalves (Cassostrea gigas) en mer ouverte. Travaux en cours. Promoteur Rebzani Zahaf<\/li>\n\n\n\n<li>Benali M.&nbsp;Contribution \u00e0 la connaissance de la biodiversit\u00e9 des peuplements associ\u00e9s aux Cystoseires (Chromobiontes) de la r\u00e9gion centre de la c\u00f4te alg\u00e9rienne (diversit\u00e9 taxonomique, caract\u00e9risation des peuplements et \u00e9volution spatiotemporelle. Travaux en cours. Promoteur Rebzani Zahaf<\/li>\n\n\n\n<li>Karali A. Contribution \u00e0 l\u2019\u00e9tude des bioc\u00e9noses remarquables (bioconcr\u00e9tionnement) de la r\u00e9gion centre de la c\u00f4te alg\u00e9rienne (diversit\u00e9 taxonomique, caract\u00e9risation des peuplements associ\u00e9s). Travaux en cours. Promoteur Rebzani Zahaf<\/li>\n\n\n\n<li>Merbah S. Contribution \u00e0 l\u2019\u00e9tude dynamique de la population de moule Mytilus galloprovincialis (Lmk) (exemple de fili\u00e8re) approche syst\u00e9matique et \u00e9cologique de sa faune associ\u00e9e. Travaux en cours. Promoteur Rebzani Zahaf<\/li>\n\n\n\n<li>Brahimi S.&nbsp;: Contribution \u00e0 l\u2019\u00e9tude dynamique de la population d\u2019un bivalve Pectinid\u00e9 (Chlamys Varia) associ\u00e9e aux fili\u00e8res mytilicoles de la r\u00e9gion est d\u2019Alger (Surcouf). Travaux en cours. Promoteur Rebzani Zahaf<\/li>\n\n\n\n<li>Taounza R\u00e9da. Etude structurale et saisonni\u00e8re des peuplements phytobenthiques de l\u2019infralittoral superficiel du littoral alg\u00e9rien. Travaux en cours. Promoteur Seridi<\/li>\n\n\n\n<li>Benfares Redouane. Etude biologique et \u00e9cologique de quelques esp\u00e8ces de Fuccales&nbsp;: valorisation de l\u2019activit\u00e9 biologique des principes actifs. Travaux en cours. Promoteur Seridi<\/li>\n\n\n\n<li>Soumani Karima. Etude des phytoconstituants responsables de la d\u00e9fense des algues marines des c\u00f4tes alg\u00e9riennes et d\u00e9termination de leurs activit\u00e9s biologiques. Travaux en cours. Co-Promoteur Seridi<\/li>\n\n\n\n<li>CHABANE Khadidja<br>Titre&nbsp;: Fonctionnement et diversit\u00e9 d\u2019un \u00e9cosyst\u00e8me \u00e0 macroalgue de la r\u00e9gion d\u2019Alger<br>Promotrice&nbsp;: SERIDI Halima<\/li>\n\n\n\n<li>BAHBAH LAMIA<br>Titre&nbsp;: Cartographie par diff\u00e9rentes techniques du peuplement algal photophile de substrat dur de l\u2019infralittoral de la r\u00e9gion alg\u00e9roise&nbsp;: impact des rejets d\u2019effluents. Promotrice&nbsp;: SERIDI Halima<\/li>\n\n\n\n<li>ZERRROUKI R., Bio\u00e9cologie d\u2019un \u00e9levage conchylicole de mollusques bivalves Mytilus galloprovincialis en \u00e9levage extensif dans la ferme aquacole d\u2019Ain Chorb W d\u2019 Alger. Directeur de th\u00e8se&nbsp;: C. REBZANI \u2013ZAHAF.<\/li>\n\n\n\n<li><strong>SELLAM&nbsp;L. N., 2018.&nbsp;<\/strong>Caract\u00e9risation des peuplements du genre&nbsp;<em>Cystoseira&nbsp;<\/em>des c\u00f4tes alg\u00e9riennes. Mai 2018. Facult\u00e9 des Sciences Biologiques (FSB)&nbsp;; Universit\u00e9 des Sciences et de&nbsp;la Technologie Houari&nbsp;Boumedi\u00e8ne (USTHB) Alger Directeur de Th\u00e8se&nbsp;: C. REBZANI \u2013 ZAHAF.<\/li>\n\n\n\n<li><strong>HAOUI &#8211; MESLEM N.<\/strong>&nbsp;2019. Etude bio\u00e9cologique d\u2019un \u00e9levage ostr\u00e9icole Mollusques, Bivalves (Cassostrea gigas) en mer ouverte. Directeur de th\u00e8se&nbsp;: C. REBZANI \u2013 ZAHAF<\/li>\n\n\n\n<li><strong>BACHETARZI R.,<\/strong>&nbsp;&nbsp;\u00c9valuation bio\u00e9cologique de la biodiversit\u00e9 marine des c\u00f4tes alg\u00e9riennes. Directeur de th\u00e8se&nbsp;: C. REBZANI \u2013 ZAHAF. Soutenance 2020.<\/li>\n\n\n\n<li><strong>DILMI S.,<\/strong>&nbsp;Etude du benthos (faune et flore) des sites aquacoles de la c\u00f4te alg\u00e9rienne. Directeur de th\u00e8se&nbsp;: C. REBZANI \u2013 ZAHAF. Soutenance 2021.<\/li>\n<\/ol>\n","protected":false},"excerpt":{"rendered":"<p>&nbsp;<\/p>\n","protected":false},"author":1,"featured_media":0,"parent":0,"menu_order":0,"comment_status":"closed","ping_status":"closed","template":"","meta":[],"_links":{"self":[{"href":"https:\/\/lobem.usthb.dz\/index.php\/wp-json\/wp\/v2\/pages\/221"}],"collection":[{"href":"https:\/\/lobem.usthb.dz\/index.php\/wp-json\/wp\/v2\/pages"}],"about":[{"href":"https:\/\/lobem.usthb.dz\/index.php\/wp-json\/wp\/v2\/types\/page"}],"author":[{"embeddable":true,"href":"https:\/\/lobem.usthb.dz\/index.php\/wp-json\/wp\/v2\/users\/1"}],"replies":[{"embeddable":true,"href":"https:\/\/lobem.usthb.dz\/index.php\/wp-json\/wp\/v2\/comments?post=221"}],"version-history":[{"count":1,"href":"https:\/\/lobem.usthb.dz\/index.php\/wp-json\/wp\/v2\/pages\/221\/revisions"}],"predecessor-version":[{"id":223,"href":"https:\/\/lobem.usthb.dz\/index.php\/wp-json\/wp\/v2\/pages\/221\/revisions\/223"}],"wp:attachment":[{"href":"https:\/\/lobem.usthb.dz\/index.php\/wp-json\/wp\/v2\/media?parent=221"}],"curies":[{"name":"wp","href":"https:\/\/api.w.org\/{rel}","templated":true}]}}