{"id":172,"date":"2023-07-11T12:50:48","date_gmt":"2023-07-11T12:50:48","guid":{"rendered":"http:\/\/193.194.89.177\/lobem_wp\/?page_id=172"},"modified":"2023-07-11T12:50:49","modified_gmt":"2023-07-11T12:50:49","slug":"communications-nationales-3","status":"publish","type":"page","link":"https:\/\/lobem.usthb.dz\/index.php\/communications-nationales-3\/","title":{"rendered":"Communications nationales"},"content":{"rendered":"\n<p><\/p>\n\n\n\n<h1>&nbsp;<\/h1>\n\n\n\n<ol>\n<li>Nour El Islam Bachari And Lamri Nacef (2013) \u00ab&nbsp;Spatio-temporal variations of the surface temperature in the Mediterranean Sea&nbsp;\u00bb. INOC -IIUM- International Conference on &#8221; Oceanography &amp; Sustainable Marine Production&nbsp;: A Challenge of Managing Marine Resources under Climate Change, ICOSMaP\u201d, Kuantan- Malaysia, 28-30 October 2013.<\/li>\n\n\n\n<li>Lamri Nacef and Nour El Islam Bachari (2013)&nbsp;; \u00ab&nbsp;Relations between climate variability and the heat flux at the air-sea interface in the Mediterranean Sea&nbsp;\u00bb INOC -IIUM- International Conference on &#8221; Oceanography &amp; Sustainable Marine Production&nbsp;: A Challenge of Managing Marine Resources under Climate Change, ICOSMaP\u201d, Kuantan- Malaysia, 28-30 October 2013.<\/li>\n\n\n\n<li>Bachari N., Meziani H. &amp; Mennad M.&nbsp;Analyse de la distribution spatiale des esp\u00e8ces p\u00e9lagiques le long de la c\u00f4te alg\u00e9rienne \u00e0 base des r\u00e9sultats des campagnes de p\u00eache. INOC-CNRS, International Conference on \u201cLand-Sea Interactions in the Coastal Zone\u201d Jounieh, Lebanon, 06-08 November 2012<\/li>\n\n\n\n<li>Razzagui Ali et Nour el islam Bachari (2012) \u00ab&nbsp;Assimilation infrared MSG image used RTTOV code&nbsp;\u00bb. 9th International Conference of the African Association of Remote Sensing and the Environment AARSE2012). October, 29 to November 2, 2012 \u2013 El Jadida, Morocco<\/li>\n\n\n\n<li>Bachar\u0131 N., Nacef L., Mez\u0131an\u0131 H. &amp; Houma F. Apport des facteurs m\u00e9t\u00e9orologiques et hydrodynamique pour expliquer la variabilit\u00e9 des statistiques de p\u00eache des petits p\u00e9lagiques de la c\u00f4te Alg\u00e9roise<\/li>\n\n\n\n<li>Nour El Islam BACHARI, Boussir Mahamed, Cheikh Kaddour&nbsp;: Apport des images synth\u00e9tiques ennuagement pour la classification des nuages et \u00e9laboration des cartes solaires<\/li>\n\n\n\n<li>Houma Fouzia, Belkessa Rabah et Bachari Nour el islam&nbsp;: Monitoring et \u00e9tude de la pollution dans les eaux marines et l\u00e9s s\u00e9diments superficiels de la c\u00f4te alg\u00e9roise&nbsp;: mod\u00e9lisation et impact sur l\u2019environnement .. Stic et Environnement 11-13 \/05\/2011, Saint Etienne, France<\/li>\n\n\n\n<li>N.Bachari ,R.Boubenia, L.Nacef and L.Boudjadja :Contribution of remote sensing to fishing operations in Algeria, Bogor Agricultural University,Faculty of Fisheries &amp; Marine Sciences- Indonesia 25-27\/10\/2011<\/li>\n\n\n\n<li>N.Bachari ,R.Boubenia, M.Nennad and H.Meziani&nbsp;: Information geostatistical of three species of economic inetrest a long the Algerian coast, Bogor Agricultural University,Faculty of Fisheries &amp; Marine Sciences- Indonesia 25-27\/10\/2011<\/li>\n\n\n\n<li>S.Lamouti and N.Bachari&nbsp;: Records of Alien Species along the coast Algerian, Seventh International Conference on Marine Bioinvasion Barcelona 23-25 August 2011<\/li>\n\n\n\n<li>F.Houma et N.Bachari&nbsp;: Utilisation des techniques pour l\u2019identification des fronts thermiques. Application \u00e0 la baie d\u2019Alger et la baie d\u2019ElDjamila. Bogor Agricultural University,Faculty of Fisheries &amp; Marine Sciences- Indonesia 25-27\/10\/2011<\/li>\n<\/ol>\n","protected":false},"excerpt":{"rendered":"<p>&nbsp;<\/p>\n","protected":false},"author":1,"featured_media":0,"parent":0,"menu_order":0,"comment_status":"closed","ping_status":"closed","template":"","meta":[],"_links":{"self":[{"href":"https:\/\/lobem.usthb.dz\/index.php\/wp-json\/wp\/v2\/pages\/172"}],"collection":[{"href":"https:\/\/lobem.usthb.dz\/index.php\/wp-json\/wp\/v2\/pages"}],"about":[{"href":"https:\/\/lobem.usthb.dz\/index.php\/wp-json\/wp\/v2\/types\/page"}],"author":[{"embeddable":true,"href":"https:\/\/lobem.usthb.dz\/index.php\/wp-json\/wp\/v2\/users\/1"}],"replies":[{"embeddable":true,"href":"https:\/\/lobem.usthb.dz\/index.php\/wp-json\/wp\/v2\/comments?post=172"}],"version-history":[{"count":1,"href":"https:\/\/lobem.usthb.dz\/index.php\/wp-json\/wp\/v2\/pages\/172\/revisions"}],"predecessor-version":[{"id":174,"href":"https:\/\/lobem.usthb.dz\/index.php\/wp-json\/wp\/v2\/pages\/172\/revisions\/174"}],"wp:attachment":[{"href":"https:\/\/lobem.usthb.dz\/index.php\/wp-json\/wp\/v2\/media?parent=172"}],"curies":[{"name":"wp","href":"https:\/\/api.w.org\/{rel}","templated":true}]}}